 units digit of 12954339?
9
What is the hundred thousands digit of 221382489?
3
What is the hundreds digit of 5330865147?
1
What is the millions digit of 43706484?
3
What is the hundreds digit of 995498242?
2
What is the tens digit of 3505524801?
0
What is the units digit of 305191459?
9
What is the billions digit of 1010784941?
1
What is the millions digit of 874112045?
4
What is the hundred millions digit of 479340191?
4
What is the billions digit of 4670535890?
4
What is the millions digit of 315913143?
5
What is the hundreds digit of 39096826?
8
What is the hundred millions digit of 105838610?
1
What is the thousands digit of 43728611?
8
What is the millions digit of 3010446202?
0
What is the units digit of 304002908?
8
What is the hundred millions digit of 288663391?
2
What is the hundred millions digit of 138055410?
1
What is the tens digit of 596523978?
7
What is the hundred thousands digit of 1371024579?
0
What is the hundred millions digit of 210943653?
2
What is the tens digit of 1458875230?
3
What is the thousands digit of 44453582?
3
What is the thousands digit of 248401163?
1
What is the hundred thousands digit of 6268337?
2
What is the millions digit of 3572223183?
2
What is the hundred millions digit of 631932001?
6
What is the hundreds digit of 151713580?
5
What is the ten millions digit of 23815956?
2
What is the hundred millions digit of 2140389061?
1
What is the ten thousands digit of 89551364?
5
What is the millions digit of 93197879?
3
What is the tens digit of 3139364223?
2
What is the ten thousands digit of 2167188540?
8
What is the ten millions digit of 110012273?
1
What is the millions digit of 97888219?
7
What is the millions digit of 48611398?
8
What is the hundred thousands digit of 5607895130?
8
What is the hundred millions digit of 1402331478?
4
What is the hundred millions digit of 898243790?
8
What is the hundred millions digit of 1867337804?
8
What is the hundreds digit of 3093131197?
1
What is the ten thousands digit of 5453900136?
0
What is the tens digit of 1478588543?
4
What is the millions digit of 28354541?
8
What is the hundred millions digit of 2350157755?
3
What is the millions digit of 10106594?
0
What is the thousands digit of 4566016375?
6
What is the billions digit of 2053160126?
2
What is the hundreds digit of 73234912?
9
What is the tens digit of 205679418?
1
What is the hundreds digit of 496193702?
7
What is the millions digit of 233054326?
3
What is the hundreds digit of 239566551?
5
What is the hundreds digit of 164920184?
1
What is the tens digit of 828652588?
8
What is the ten thousands digit of 611000888?
0
What is the units digit of 1096691930?
0
What is the hundred thousands digit of 16843567?
8
What is the thousands digit of 282662819?
2
What is the thousands digit of 2832705764?
5
What is the thousands digit of 5515962080?
2
What is the hundreds digit of 5574906076?
0
What is the hundred thousands digit of 13304799?
3
What is the hundreds digit of 5436495045?
0
What is the ten millions digit of 1844905448?
4
What is the hundreds digit of 652774569?
5
What is the tens digit of 80348255?
5
What is the units digit of 647104701?
1
What is the hundred thousands digit of 94365618?
3
What is the thousands digit of 304575056?
5
What is the ten thousands digit of 4801849?
0
What is the millions digit of 2967668?
2
What is the hundred thousands digit of 199873961?
8
What is the ten thousands digit of 176267083?
6
What is the tens digit of 1548946?
4
What is the ten millions digit of 31875582?
3
What is the ten thousands digit of 14770169?
7
What is the hundred millions digit of 115949735?
1
What is the ten millions digit of 370161372?
7
What is the hundred thousands digit of 1336122399?
1
What is the hundreds digit of 32278998?
9
What is the hundred thousands digit of 55829861?
8
What is the millions digit of 1284510153?
4
What is the hundred thousands digit of 65928939?
9
What is the units digit of 619110658?
8
What is the hundred thousands digit of 88131701?
1
What is the hundred thousands digit of 72091920?
0
What is the thousands digit of 20990988?
0
What is the ten thousands digit of 981477588?
7
What is the ten thousands digit of 409917519?
1
What is the ten millions digit of 19072550?
1
What is the tens digit of 797963376?
7
What is the hundreds digit of 1966025721?
7
What is the tens digit of 177621004?
0
What is the ten millions digit of 81772380?
8
What is the tens digit of 7902648?
4
What is the ten millions digit of 85115028?
8
What is the ten millions digit of 20925264?
2
What is the tens digit of 189013387?
8
What is the units digit of 1226854960?
0
What is the ten thousands digit of 1236725976?
2
What is the ten millions digit of 1097875653?
9
What is the thousands digit of 22413641?
3
What is the tens digit of 69942366?
6
What is the hundred thousands digit of 18517186?
5
What is the hundred thousands digit of 2151631579?
6
What is the thousands digit of 1504817275?
7
What is the millions digit of 1836573163?
6
What is the hundred thousands digit of 1025146189?
1
What is the hundreds digit of 87118852?
8
What is the hundreds digit of 226953774?
7
What is the units digit of 4548486175?
5
What is the hundred thousands digit of 171880613?
8
What is the hundred thousands digit of 417190920?
1
What is the tens digit of 342404750?
5
What is the units digit of 879080772?
2
What is the tens digit of 276856571?
7
What is the billions digit of 3319316496?
3
What is the units digit of 161821153?
3
What is the hundred thousands digit of 22891268?
8
What is the hundreds digit of 18745693?
6
What is the hundred thousands digit of 603353402?
3
What is the millions digit of 1239087677?
9
What is the hundred thousands digit of 136260782?
2
What is the hundred millions digit of 125877341?
1
What is the hundreds digit of 48685898?
8
What is the thousands digit of 233436282?
6
What is the tens digit of 9616317?
1
What is the tens digit of 1829418262?
6
What is the units digit of 26876436?
6
What is the millions digit of 63500751?
3
What is the hundred millions digit of 2327973533?
3
What is the tens digit of 54169718?
1
What is the hundred thousands digit of 2621544708?
5
What is the thousands digit of 87533978?
3
What is the hundred thousands digit of 1046910090?
9
What is the hundreds digit of 123597384?
3
What is the tens digit of 25276114?
1
What is the ten millions digit of 78947781?
7
What is the ten thousands digit of 992795990?
9
What is the ten millions digit of 1592317335?
9
What is the tens digit of 2233522078?
7
What is the millions digit of 654224294?
4
What is the tens digit of 5407244?
4
What is the tens digit of 704609521?
2
What is the hundred thousands digit of 1017254745?
2
What is the units digit of 92676000?
0
What is the thousands digit of 19534453?
4
What is the ten thousands digit of 36201015?
0
What is the thousands digit of 26443488?
3
What is the hundred millions digit of 1360904405?
3
What is the hundred millions digit of 1043829869?
0
What is the hundred thousands digit of 47567705?
5
What is the hundred thousands digit of 53053254?
0
What is the millions digit of 67113110?
7
What is the ten thousands digit of 1654162869?
6
What is the thousands digit of 88020243?
0
What is the hundreds digit of 140768399?
3
What is the hundreds digit of 284045650?
6
What is the tens digit of 355933890?
9
What is the tens digit of 130892794?
9
What is the ten millions digit of 12695281?
1
What is the ten thousands digit of 176814416?
1
What is the ten thousands digit of 134982205?
8
What is the tens digit of 58827423?
2
What is the hundred millions digit of 349702683?
3
What is the ten millions digit of 30936411?
3
What is the tens digit of 288256767?
6
What is the hundred thousands digit of 52662899?
6
What is the hundred millions digit of 6309883430?
3
What is the tens digit of 742571620?
2
What is the hundred millions digit of 503091206?
5
What is the units digit of 1022785515?
5
What is the tens digit of 8414861876?
7
What is the thousands digit of 781777654?
7
What is the millions digit of 60587628?
0
What is the hundred thousands digit of 484158677?
1
What is the millions digit of 19053416?
9
What is the millions digit of 1173288620?
3
What is the ten millions digit of 69720539